 p be (5 + 0)*(1 + 0). Suppose 3*w - p*w = -10. Suppose -5*l + 4 = 5*a + 14, -w*l + 4*a = -26. List the prime factors of l.
2
Suppose 0*v - 3*j - 230 = -5*v, 3*j = 3*v - 144. Let i = -10 - -30. Let l = v - i. What are the prime factors of l?
23
Let j = -277 + 4813. List the prime factors of j.
2, 3, 7
Let o(h) = h - 24. Let g be o(-10). Let m = g - -36. Suppose 0 = 4*f + 5*c - 137, 0*c = -m*f + 2*c + 46. What are the prime factors of f?
2, 7
Suppose 4*j - 141 = 3*v, 0 = 2*j + 5*v - 4 - 99. List the prime factors of j.
3, 13
List the prime factors of 0 + 1 - (-1420 + -83).
2, 47
Let v be -1 + 2 + 0 + 1. Suppose 5*y = z + 496, v*y + 2*z = 102 + 94. List the prime factors of y.
3, 11
Suppose -3*m = 3*d - 813, 6*d - 4*d + 3*m = 545. What are the prime factors of d?
2, 67
Let d be 7/((-42)/4) + (-80)/(-12). Suppose 5*r + w + 430 = 8*r, -d = -3*w. List the prime factors of r.
2, 3
Let c = 176 + -96. List the prime factors of c.
2, 5
Let w(t) = -t**3 - 13*t**2 - 12*t - 13. Let q be w(-11). Let g = 5 - q. List the prime factors of g.
2
Let l(t) be the first derivative of -t**5/20 + 5*t**2 + t - 5. Let d(j) be the first derivative of l(j). List the prime factors of d(0).
2, 5
Suppose 12 = 3*u, 5*d + u - 4022 = -138. List the prime factors of d.
2, 97
Let c = 83 - 42. Suppose 2*v - 7*v + 20 = 0. Suppose -c = -3*h + 5*b - 5, -65 = -v*h + b. List the prime factors of h.
17
Suppose -30*b + 5*p = -32*b + 1513, 5*b = 4*p + 3766. What are the prime factors of b?
2, 13, 29
Let f be (-3)/(-5) + (-51336)/(-115). Suppose 3*l = 45 + f. List the prime factors of l.
2, 41
List the prime factors of (-1)/(2/7323)*112/(-168).
2441
Let i(n) = -n**2 - 4*n + 11. Let s be i(-6). Let y be 207 + 6/(-3) - s. Suppose 5*a - y = -3*r, -2*r + 108 = -0*r - 4*a. List the prime factors of r.
2, 31
Let t = 1714 + -1085. List the prime factors of t.
17, 37
Suppose -2*o = x + 42, -3*x + 3*o - 146 = x. Let q = 22 - x. List the prime factors of q.
2, 3, 5
Suppose -160704 = -118*f + 67508. List the prime factors of f.
2, 967
Let y(s) = 7 + 3*s - 40 + 16. Let a be y(7). Suppose 0 = -a*b + 434 - 94. List the prime factors of b.
5, 17
Let n(y) = -45*y + 9. Let h be n(-6). Suppose 5*p + 3 = 2*p, -5*c - h = -p. List the prime factors of c*(-1)/(4/3).
2, 3, 7
Suppose -12*h - 16 = 4*h. List the prime factors of (h/2)/((-29)/4408).
2, 19
Suppose h = 2*o - 2825, -3*h - 1677 = 4*o - 7342. What are the prime factors of o?
2, 7, 101
Suppose -34048 = 8*q - 22*q. List the prime factors of q.
2, 19
Let c(l) = -1. Let j(w) = -14*w - 22. Let v(n) = -4*c(n) + j(n). List the prime factors of v(-9).
2, 3
Let v = 524 - -182. What are the prime factors of v?
2, 353
Let r(g) = -2*g**2 + 12*g - 2. Let a be r(6). What are the prime factors of (a - (-25)/10)*134?
67
Let p = 1157 - 388. What are the prime factors of p?
769
Let g be (5 - 3) + (0 - -4). Suppose 27 = m - g. What are the prime factors of m?
3, 11
Let n(a) = -159*a - 26. List the prime factors of n(-2).
2, 73
Let b(x) = 2*x**2 - 7*x + 6. Let s be b(4). Let t = s + 20. Let o = 63 - t. What are the prime factors of o?
3, 11
What are the prime factors of 428*(-7 + 5)/(-4)?
2, 107
List the prime factors of 4*7/98 - (-49388)/14.
2, 3, 7
Let i be (6/4)/((-15)/20). Let z be i*(-2 + 1 - 0). What are the prime factors of ((-56)/(-16))/(z/12)?
3, 7
Let a be 87/(-3)*-1*(-1 - -6). Let s = 272 - a. What are the prime factors of s?
127
Suppose -20 = -8*k + 18*k. List the prime factors of k/4 + (-497)/(-2).
2, 31
Let y be 2/15 - (-430)/150. Suppose 2*c - 20 = -2*w, -w - y*w = 4. What are the prime factors of c?
11
What are the prime factors of -1 + 4 + 0 - (-94563)/171?
2, 139
Let x(i) = 4*i**2 + 5*i - 8. Let f be x(10). Suppose 0 = -4*a + 3*t + f, a - t - t = 108. List the prime factors of a.
2, 7
Suppose 0 = 269*x - 294*x + 81200. List the prime factors of x.
2, 7, 29
Suppose 0 = -3*w - 32 - 151. Let y = 13 - w. List the prime factors of y.
2, 37
Let i = -3494 - -6136. What are the prime factors of i?
2, 1321
Let a(m) = 104*m - 17. Let d be a(4). Suppose 6*q - d = 9. What are the prime factors of q?
2, 17
Suppose 0 = 5*r - 1703 + 268. List the prime factors of r.
7, 41
Let v(i) = 1777*i - 184. List the prime factors of v(1).
3, 59
Let z(l) = -3*l**3 - 3*l**2 - 8*l - 4. Suppose 5*u + 5 = -5*k - 0, 20 = -4*u + 4*k. What are the prime factors of z(u)?
2, 37
Let w = -295 + 575. What are the prime factors of w?
2, 5, 7
Suppose 125*i - 300400 = 25*i. List the prime factors of i.
2, 751
Let f(m) = 4*m**2 + 7*m. What are the prime factors of f(9)?
3, 43
Let b be 38 + 4/(-38) + 8236/1349. Let h(m) = -m**3 + 4*m**2 - 2*m - 1. Let x be h(2). Suppose x*i = -i + b. List the prime factors of i.
11
Suppose 2*u + 20 = 24. Suppose 136 = 2*g - 4*z, u = 3*z - 1. What are the prime factors of g?
2, 5, 7
Let j(h) = -142*h + 12. What are the prime factors of j(-3)?
2, 3, 73
Let q be 8/(-36) + 7664/(-18). Let b = q - -652. What are the prime factors of b?
2, 113
Suppose 0*g = -g + 4. Let w(p) = 15*p + 13. List the prime factors of w(g).
73
Let z = 2083 - 1353. What are the prime factors of z?
2, 5, 73
Let o = -7 + 16. List the prime factors of o.
3
Let c(z) = -z**2 + 43*z + 48. What are the prime factors of c(27)?
2, 3, 5
Let j = -63 + 64. Let h(b) = 233*b**2 - 4*b + 2. List the prime factors of h(j).
3, 7, 11
Let v be -4 - (-4 - -1) - 0. Let o(f) = 68*f**2 + 2*f + 1. What are the prime factors of o(v)?
67
Suppose 22 - 10 = 4*v. Suppose -v*z + 8*y - 3*y + 148 = 0, 0 = -4*z - 3*y + 236. List the prime factors of z.
2, 7
Suppose 0 = -3*x - 0*x - h - 14, -28 = x + 5*h. List the prime factors of 4/x*(-4173)/52.
107
Suppose -a + 24 = -3*j, 3*j + 32 = 3*a + 4*j. Let g = a + -4. Suppose -g = -n - 0. What are the prime factors of n?
2
Let w(x) = x**3 - 9*x**2 + 7*x + 11. Let k be w(8). Suppose k*r + 10 = 13. What are the prime factors of 9 + -10 + (r - -25)?
5
Suppose 1800 = 4*j - 2*b - 2*b, -5*j = 3*b - 2258. What are the prime factors of j?
11, 41
Suppose -579 = -3*l - 27. Let a = -85 + l. Let h = a - 27. List the prime factors of h.
2, 3
Suppose 0 = 5*l - 0*l - 255. Let z = 69 - l. List the prime factors of z.
2, 3
Let a(t) = 2*t - 23. Let o be a(11). Let x be o/(-6) + 202/12. Suppose -37 = -v + 4*r, v = -r - 0*r + x. List the prime factors of v.
3, 7
Suppose 0 = 2*i - 4*j - 246, -2*i = -2*j - 379 + 141. Let t = i + 9. List the prime factors of t.
2, 31
Let g = 81 - 76. Suppose 46 = g*b - 134. What are the prime factors of b?
2, 3
Suppose -86*t + 89*t = -93. Let h = t + 94. What are the prime factors of h?
3, 7
Let g(d) = -5*d**3. Let p be g(-1). Suppose -18 = -x + p*b - 2*b, -27 = -2*x - 3*b. Suppose -v = x - 29. List the prime factors of v.
2, 7
Suppose 2*h = 3*x + 694, -3*x - 1038 = 2*h - 5*h. List the prime factors of h.
2, 43
Let t be (-3)/(-15)*-328*5. Let s = 464 + t. Suppose -p + 21 = 2*y - 47, 0 = -4*y + 2*p + s. List the prime factors of y.
2, 17
Let t = 1575 - 1046. What are the prime factors of t?
23
Let i = -267 + 1660. What are the prime factors of i?
7, 199
Suppose 13804 = 13*x - 14393. List the prime factors of x.
3, 241
Suppose -a - 266 = 2*m - 906, 2*a = 4*m - 1272. List the prime factors of m.
11, 29
Suppose 1066 + 198 = 8*t. List the prime factors of t.
2, 79
Suppose 8554 = 33*w - 3854. What are the prime factors of w?
2, 47
Let l(z) = 22 + 29*z + 20*z - 3*z. What are the prime factors of l(4)?
2, 103
Let v(s) = s**2 + 55*s + 206. List the prime factors of v(-4).
2
Suppose -5*f = -2*s - 344, f - 6*f = 4*s - 332. Suppose 0*y = 4*y + f. Let r = y + 23. List the prime factors of r.
2, 3
Let g = 54 + -36. Suppose 2*m + g = 4*r, -4*r - 2*m + 3*m = -13. Suppose 5*b + d = 30, 60 = r*b + 3*b - 5*d. What are the prime factors of b?
7
Suppose -4*z = -x + 401, 402 = x - 7*z + 2*z. List the prime factors of x.
397
What are the prime factors of (0 + 115)*(-15)/(450/(-12))?
2, 23
Suppose -h = -x + 4, -3*h - 2*h = -20. Suppose -5*w + 33 = 4*p - 1, -4*w - p = -36. Suppose -3*a = -x - w. What are the prime factors of a?
2, 3
Let v = -889 + 5573. List the prime factors of v.
2, 1171
Let f(u) = u + 7. Let i be f(-3). Let h = i + -1. Suppose -3*t = -3*v + 108, 2*v + 4*t = -h*v + 216. List the prime factors of v.
2, 5
Let y(j) = j**2 - 4*j + 1. Suppose -4*l + 3*n = 0, 20 = 5*n - 10*n. Let 